{"id":576,"date":"2016-09-08T16:19:08","date_gmt":"2016-09-08T14:19:08","guid":{"rendered":"http:\/\/schriften.yoga-vidya.de\/atma-bodha\/?page_id=576"},"modified":"2016-09-09T11:14:36","modified_gmt":"2016-09-09T09:14:36","slug":"hintergrundwissen","status":"publish","type":"page","link":"https:\/\/schriften.yoga-vidya.de\/atma-bodha\/hintergrundwissen\/","title":{"rendered":"Hintergrundwissen"},"content":{"rendered":"<p>Atma Bodha geh\u00f6rt zu den Grundlagentexten von Vedanta. <a href=\"https:\/\/wiki.yoga-vidya.de\/Vedanta\" target=\"_blank\">Vedanta<\/a> steht f\u00fcr das Ende des Wissens, das h\u00f6chste Wissen, daher steht Anta f\u00fcr Ende und Veda f\u00fcr Wissen. Vedanta bedeutet also Ende des Wissens und Vedanta beruht auf den Upanishaden.<\/p>\n<p><a href=\"https:\/\/wiki.yoga-vidya.de\/Upanishad\" target=\"_blank\">Upanishaden<\/a> sind die \u00e4ltesten Texte der Menschheit, die philosophischen Inhalt haben. Upanishaden als das Ende der Veden, deshalb werden sie auch als Vedanta bezeichnet. Die Upanishaden besch\u00e4ftigen sich mit folgenden Fragen: <a href=\"https:\/\/wiki.yoga-vidya.de\/Wer_bin_ich\" target=\"_blank\">Wer bin ich<\/a>? Woher komme ich? Wohin gehe ich? Was ist das Ziel des Lebens? Was ist die Welt? Was ist Gott? Wie kann ich die h\u00f6chste Wirklichkeit erfahren? Um 800 nach Christus gab es einen ganz wichtigen <a href=\"https:\/\/wiki.yoga-vidya.de\/Meister\" target=\"_blank\">Meister<\/a> mit dem Namen <a href=\"https:\/\/wiki.yoga-vidya.de\/Shankaracharya\" target=\"_blank\">Shankaracharya<\/a>, dieser Shankaracharya verfasste wichtige Bhashyas, wichtige Kommentare zu den drei wichtigsten <a href=\"https:\/\/www.yoga-vidya.de\/seminare\/interessengebiet\/indische-schriften\/\" target=\"_blank\">Schriften<\/a> des Vedanta: Die Upanishaden, die <a href=\"https:\/\/schriften.yoga-vidya.de\/bhagavad-gita\/\" target=\"_blank\">Bhagavad-Gita<\/a> und <a href=\"https:\/\/wiki.yoga-vidya.de\/Brahma_Sutra\" target=\"_blank\">Brahma Sutra<\/a>. Die Kommentare von Shankaracharya \u00fcber die Upanishaden, die Bhagavad-Gita und Brahma Sutra geh\u00f6ren zu dem sch\u00f6nsten und gro\u00dfartigsten was von Menschen jemals hervor gebracht wurde. Man findet dort die ganze Tiefe der Vedanta-Philosophie beschrieben, auf eine Weise die bis heute nicht \u00fcbertroffen werden konnte.<\/p>\n<p>Von Vedanta her stellt sich n\u00e4mlich die Fragen: Wie kann ich das H\u00f6chste erkennen? Shankaracharya hat neben seinen drei Hauptwerken, den Kommentaren zu den Upanishaden, der Bhagavad-Gita und dem Brahma Sutra, eine Reihe weiterer Werke verfasst. Insbesondere sein Werk mit dem Namen <a href=\"https:\/\/wiki.yoga-vidya.de\/Atma_Bodha\" target=\"_blank\">Atma Bodha<\/a>, ein verfasster Kommentar zum Atma Bodha ist sehr bedeutsam. Atma Bodha ist eine Kurzzusammenfassung der Vedanta-Philosophie in 68 Phasen. Atma bedeutet Selbst und Bodha kann man mit Erkenntnis \u00fcbersetzen. <a href=\"https:\/\/wiki.yoga-vidya.de\/Sanskrit\" target=\"_blank\">Sanskrit<\/a> ist eine sehr komplexe Sprache, Bodha steht hier f\u00fcr die Bedeutungen Erkenntnis, Wissen oder Erleuchtung bzw. der Erleuchtete. Bodha ist die Erkenntnis, die <a href=\"https:\/\/wiki.yoga-vidya.de\/Erleuchtung\" target=\"_blank\">Erleuchtung<\/a> \u00fcber das Selbst und genau das ist das Thema im Werk von Atma Bodha.<\/p>\n<p><a href=\"https:\/\/schriften.yoga-vidya.de\/atma-bodha\/wp-content\/uploads\/2016\/09\/shankara-yoga-vedanta.jpg\"><img loading=\"lazy\" decoding=\"async\" class=\"alignleft wp-image-580 size-medium\" src=\"https:\/\/schriften.yoga-vidya.de\/atma-bodha\/wp-content\/uploads\/2016\/09\/shankara-yoga-vedanta-300x300.jpg\" alt=\"Shankara\" width=\"300\" height=\"300\" srcset=\"https:\/\/schriften.yoga-vidya.de\/atma-bodha\/wp-content\/uploads\/2016\/09\/shankara-yoga-vedanta-300x300.jpg 300w, https:\/\/schriften.yoga-vidya.de\/atma-bodha\/wp-content\/uploads\/2016\/09\/shankara-yoga-vedanta-150x150.jpg 150w, https:\/\/schriften.yoga-vidya.de\/atma-bodha\/wp-content\/uploads\/2016\/09\/shankara-yoga-vedanta.jpg 600w\" sizes=\"auto, (max-width: 300px) 100vw, 300px\" \/><\/a>Shankaracharya ist eine historische Person, auch wenn man nicht exakt wei\u00df, wann er gelebt hat, um 800 nach Christus, vermutlich 788 &#8211; 820 ist eine der m\u00f6glichen Lebenszeiten. Er gilt als ein Wunderkind, hochbegabt der schon mit 8 Jahren die Veden beherrscht hat und somit das Wissen seiner Zeit gelernt hatte. Mit 16 wurde Shankaracharya M\u00f6nch, <a href=\"https:\/\/wiki.yoga-vidya.de\/Swami\" target=\"_blank\">Swami<\/a> und ging zu einem Lehrer mit dem Namen Govinda in die Lehre und wurde von diesem nach Varanasi geschickt. In <a href=\"https:\/\/wiki.yoga-vidya.de\/Varanasi\" target=\"_blank\">Varanasi<\/a>, der Stadt der Gelehrten, diskutierte er mit anderen Gelehrten und er verfasste seine gro\u00dfen Kommentare die sogenannten <a href=\"https:\/\/wiki.yoga-vidya.de\/Bhashya\" target=\"_blank\">Bhashyas<\/a>, um danach auch die kleineren Werke zu schreiben. Im Alter von 24 begr\u00fcndete Shankaracharya h\u00f6chstwahrscheinlich einen eigenen Orden, den Dashanami Orden, einen M\u00f6nchsorden mit 10 Unterteilungen.<\/p>\n<p>Der Saraswati Zweig und seine 10 Unterzweige wurden auf vier Zweige aufgeteilt und durch die vier Sch\u00fcler von Shankaracharya, <a href=\"https:\/\/wiki.yoga-vidya.de\/Padmapada\" target=\"_blank\">Padmapada<\/a>, <a href=\"https:\/\/wiki.yoga-vidya.de\/Totaka\" target=\"_blank\">Totaka<\/a>, <a href=\"https:\/\/wiki.yoga-vidya.de\/Sureshwara\" target=\"_blank\">Sureshwara<\/a> und <a href=\"https:\/\/wiki.yoga-vidya.de\/Hastamalaka\" target=\"_blank\">Hastamalaka<\/a> repr\u00e4sentiert. Unsere Tradition bezieht sich auf einen dieser vier Sch\u00fcler, n\u00e4mlich auf Sureshwara, der auch als Mandana Mishra bezeichnet wird.<\/p>\n<p>Nachdem Shankaracharya den Dashanami Orden gegr\u00fcndet hatte, zog er durch ganz Indien und errichtete vier <a href=\"https:\/\/wiki.yoga-vidya.de\/Math\" target=\"_blank\">Maths<\/a>, also vier Hauptkl\u00f6ster die auch heute noch existieren, bzw. wieder existieren: Im Westen Sringeri \u2013 Sringeri Math, im Osten Puri \u2013 Govardhana Math, im S\u00fcden Dvaraka \u2013 Sarada Math und im Norden Badrinath \u2013 Jyotih Math. Nur einer davon, der Math unserer Tradition in S\u00fcdindien existierte ununterbrochen. Die drei anderen Maths wurden in den verschiedenen Moslemherrschaften geschlossen, sind aber heute wieder er\u00f6ffnet. Und so gibt es in jedem dieser Maths heute wieder einen Shankaracharya, also einen Nachfolger, der auch den Ehrentitel Shankaracharya tr\u00e4gt.<\/p>\n<p>Shankaracharya zog dann weiter durch alle Lande, bis er vermutlich im Alter von 32 Jahren seinen K\u00f6rper verlassen hat, h\u00f6chstwahrscheinlich in Badrinath, dort gibt es den sogenannten Mahasamadhi von Shankaracharya, wo sich sein physischer K\u00f6rper befinden soll. Andere sagen, dass Shankaracharya mit 32 Jahren einfach weiter in den <a href=\"https:\/\/wiki.yoga-vidya.de\/Himalaya\" target=\"_blank\">Himalaya<\/a> gegangen ist, um dort in Ruhe zu meditieren, nachdem sein weltliches <a href=\"https:\/\/www.yoga-vidya.de\/karma\/\" target=\"_blank\">Karma<\/a> zu Ende war.<\/p>\n","protected":false},"excerpt":{"rendered":"<p>Atma Bodha geh\u00f6rt zu den Grundlagentexten von Vedanta. Vedanta steht f\u00fcr das Ende des Wissens, das h\u00f6chste Wissen, daher steht Anta f\u00fcr Ende und Veda f\u00fcr Wissen. Vedanta bedeutet also Ende des Wissens und Vedanta beruht auf den Upanishaden. Upanishaden sind die \u00e4ltesten Texte der Menschheit, die philosophischen Inhalt haben. Upanishaden als das Ende der &hellip; <a href=\"https:\/\/schriften.yoga-vidya.de\/atma-bodha\/hintergrundwissen\/\" class=\"more-link\"><span class=\"screen-reader-text\">Hintergrundwissen<\/span> weiterlesen<\/a><\/p>\n","protected":false},"author":1,"featured_media":0,"parent":0,"menu_order":0,"comment_status":"closed","ping_status":"closed","template":"","meta":{"footnotes":""},"class_list":["post-576","page","type-page","status-publish","hentry"],"_links":{"self":[{"href":"https:\/\/schriften.yoga-vidya.de\/atma-bodha\/wp-json\/wp\/v2\/pages\/576","targetHints":{"allow":["GET"]}}],"collection":[{"href":"https:\/\/schriften.yoga-vidya.de\/atma-bodha\/wp-json\/wp\/v2\/pages"}],"about":[{"href":"https:\/\/schriften.yoga-vidya.de\/atma-bodha\/wp-json\/wp\/v2\/types\/page"}],"author":[{"embeddable":true,"href":"https:\/\/schriften.yoga-vidya.de\/atma-bodha\/wp-json\/wp\/v2\/users\/1"}],"replies":[{"embeddable":true,"href":"https:\/\/schriften.yoga-vidya.de\/atma-bodha\/wp-json\/wp\/v2\/comments?post=576"}],"version-history":[{"count":5,"href":"https:\/\/schriften.yoga-vidya.de\/atma-bodha\/wp-json\/wp\/v2\/pages\/576\/revisions"}],"predecessor-version":[{"id":584,"href":"https:\/\/schriften.yoga-vidya.de\/atma-bodha\/wp-json\/wp\/v2\/pages\/576\/revisions\/584"}],"wp:attachment":[{"href":"https:\/\/schriften.yoga-vidya.de\/atma-bodha\/wp-json\/wp\/v2\/media?parent=576"}],"curies":[{"name":"wp","href":"https:\/\/api.w.org\/{rel}","templated":true}]}}